{"id":3440,"date":"2026-08-13T14:07:28","date_gmt":"2026-08-13T12:07:28","guid":{"rendered":"https:\/\/cdricpa.fr\/?post_type=product&#038;p=3440"},"modified":"2026-08-28T11:03:14","modified_gmt":"2026-08-28T09:03:14","slug":"la-pagode-a-the","status":"publish","type":"product","link":"https:\/\/cdricpa.fr\/index.php\/produit\/la-pagode-a-the\/","title":{"rendered":"LA Maison \u00c0 TH\u00c9"},"content":{"rendered":"<p><strong>LA PAGODE \u00c0 TH\u00c9<\/strong><\/p>\n","protected":false},"excerpt":{"rendered":"<p class=\"isSelectedEnd\"><strong>LA PAGODE \u00c0 TH\u00c9<\/strong><\/p>\n<p class=\"isSelectedEnd\">Apportez une touche originale et \u00e9l\u00e9gante \u00e0 votre coin th\u00e9 avec cette cr\u00e9ation r\u00e9alis\u00e9e en impression 3D.<\/p>\n<p class=\"isSelectedEnd\">Avec son joli toit inspir\u00e9 d\u2019une pagode et son design pratique, <strong>La Pagode \u00e0 Th\u00e9<\/strong> permet de ranger facilement vos sachets tout en d\u00e9corant votre cuisine.<\/p>\n<p class=\"isSelectedEnd\">\u2728 <strong>4 compartiments<\/strong> pour organiser vos diff\u00e9rents th\u00e9s et infusions<br \/>\n\ud83c\udf43 Sachets faciles \u00e0 attraper et \u00e0 ranger plateau rotatif<br \/>\n\ud83c\udfe1 Un design d\u00e9coratif qui trouvera facilement sa place dans votre cuisine<br \/>\n\ud83c\udfa8 <strong>Les couleurs peuvent \u00eatre modifi\u00e9es<\/strong> selon vos envies et les disponibilit\u00e9s<\/p>\n<p class=\"isSelectedEnd\">\u26a0\ufe0f <strong>Les sachets de th\u00e9 pr\u00e9sent\u00e9s sur les photos ne sont pas inclus.<\/strong><\/p>\n<p>Une cr\u00e9ation aussi pratique que d\u00e9corative pour tous les amateurs de th\u00e9 ! \u2615\ud83d\udc9a<\/p>\n[contact-form][contact-field label=\"Nom\" type=\"name\"  required=\"true\" \/][contact-field label=\"E-mail\" type=\"email\" required=\"true\" \/][contact-field label=\"Site web\" type=\"url\" \/][contact-field label=\"Message\" type=\"textarea\" \/][\/contact-form]\n","protected":false},"featured_media":3441,"comment_status":"open","ping_status":"closed","template":"","meta":[],"product_brand":[],"product_cat":[113,15,119],"product_tag":[],"class_list":["post-3440","product","type-product","status-publish","has-post-thumbnail","product_cat-impression-3d","product_cat-non-classe","product_cat-supports-cafe-the","first","instock","shipping-taxable","purchasable","product-type-simple"],"jetpack_sharing_enabled":true,"_links":{"self":[{"href":"https:\/\/cdricpa.fr\/index.php\/wp-json\/wp\/v2\/product\/3440","targetHints":{"allow":["GET"]}}],"collection":[{"href":"https:\/\/cdricpa.fr\/index.php\/wp-json\/wp\/v2\/product"}],"about":[{"href":"https:\/\/cdricpa.fr\/index.php\/wp-json\/wp\/v2\/types\/product"}],"replies":[{"embeddable":true,"href":"https:\/\/cdricpa.fr\/index.php\/wp-json\/wp\/v2\/comments?post=3440"}],"wp:featuredmedia":[{"embeddable":true,"href":"https:\/\/cdricpa.fr\/index.php\/wp-json\/wp\/v2\/media\/3441"}],"wp:attachment":[{"href":"https:\/\/cdricpa.fr\/index.php\/wp-json\/wp\/v2\/media?parent=3440"}],"wp:term":[{"taxonomy":"product_brand","embeddable":true,"href":"https:\/\/cdricpa.fr\/index.php\/wp-json\/wp\/v2\/product_brand?post=3440"},{"taxonomy":"product_cat","embeddable":true,"href":"https:\/\/cdricpa.fr\/index.php\/wp-json\/wp\/v2\/product_cat?post=3440"},{"taxonomy":"product_tag","embeddable":true,"href":"https:\/\/cdricpa.fr\/index.php\/wp-json\/wp\/v2\/product_tag?post=3440"}],"curies":[{"name":"wp","href":"https:\/\/api.w.org\/{rel}","templated":true}]}}

LA Maison À THÉ

<p><strong>LA PAGODE À THÉ</strong></p>

<p class="isSelectedEnd"><strong>LA PAGODE À THÉ</strong></p>
<p class="isSelectedEnd">Apportez une touche originale et élégante à votre coin thé avec cette création réalisée en impression 3D.</p>
<p class="isSelectedEnd">Avec son joli toit inspiré d’une pagode et son design pratique, <strong>La Pagode à Thé</strong> permet de ranger facilement vos sachets tout en décorant votre cuisine.</p>
<p class="isSelectedEnd">✨ <strong>4 compartiments</strong> pour organiser vos différents thés et infusions<br />
🍃 Sachets faciles à attraper et à ranger plateau rotatif<br />
🏡 Un design décoratif qui trouvera facilement sa place dans votre cuisine<br />
🎨 <strong>Les couleurs peuvent être modifiées</strong> selon vos envies et les disponibilités</p>
<p class="isSelectedEnd">⚠️ <strong>Les sachets de thé présentés sur les photos ne sont pas inclus.</strong></p>
<p>Une création aussi pratique que décorative pour tous les amateurs de thé ! ☕💚</p>
[contact-form][contact-field label="Nom" type="name"  required="true" /][contact-field label="E-mail" type="email" required="true" /][contact-field label="Site web" type="url" /][contact-field label="Message" type="textarea" /][/contact-form]
