{"id":4003,"date":"2026-09-02T09:37:35","date_gmt":"2026-09-02T07:37:35","guid":{"rendered":"https:\/\/cdricpa.fr\/?post_type=product&#038;p=4003"},"modified":"2026-09-02T09:46:57","modified_gmt":"2026-09-02T07:46:57","slug":"4003","status":"publish","type":"product","link":"https:\/\/cdricpa.fr\/index.php\/produit\/4003\/","title":{"rendered":"porte-cl\u00e9s porte baume a l\u00e8vres personnalisable"},"content":{"rendered":"<p><strong>porte-cl\u00e9s porte baume a l\u00e8vres personnalisable<\/strong><\/p>\n","protected":false},"excerpt":{"rendered":"<p class=\"isSelectedEnd\">\ud83d\udc84\u2728 <strong>NOUVEAUT\u00c9 \u00c0 PERSONNALISER !<\/strong> \u2728\ud83d\udc84<\/p>\n<p>Dimensions : 4cm large et 10cm de haut<\/p>\n<p class=\"isSelectedEnd\">Emportez votre baume \u00e0 l\u00e8vres partout avec vous gr\u00e2ce \u00e0 ce joli <strong>porte-cl\u00e9s personnalisable<\/strong> ! \ud83e\udd29<\/p>\n<p class=\"isSelectedEnd\">Ajoutez le <strong>pr\u00e9nom, le petit mot ou le design de votre choix<\/strong> pour cr\u00e9er un accessoire unique, pratique et totalement \u00e0 votre image personnalisation recto\/verso. \ud83c\udfa8\u2764\ufe0f<\/p>\n<p class=\"isSelectedEnd\">Accroch\u00e9 \u00e0 vos cl\u00e9s ou \u00e0 votre sac, votre baume reste toujours \u00e0 port\u00e9e de main\u2026 fini de le chercher au fond du sac ! \ud83d\ude04<\/p>\n<p>veuillez utiliser le formulaire de contact pour envoyer votre demande de personnalisation<\/p>\n[contact-form][contact-field label=\"Nom\" type=\"name\"  required=\"true\" \/][contact-field label=\"E-mail\" type=\"email\" required=\"true\" \/][contact-field label=\"Site web\" type=\"url\" \/][contact-field label=\"Message\" type=\"textarea\" \/][\/contact-form]\n<p>&nbsp;<\/p>\n","protected":false},"featured_media":4005,"comment_status":"open","ping_status":"closed","template":"","meta":[],"product_brand":[],"product_cat":[128,115],"product_tag":[],"class_list":["post-4003","product","type-product","status-publish","has-post-thumbnail","product_cat-porte-cles-sublimation","product_cat-sublimation","first","instock","shipping-taxable","purchasable","product-type-simple"],"jetpack_sharing_enabled":true,"_links":{"self":[{"href":"https:\/\/cdricpa.fr\/index.php\/wp-json\/wp\/v2\/product\/4003","targetHints":{"allow":["GET"]}}],"collection":[{"href":"https:\/\/cdricpa.fr\/index.php\/wp-json\/wp\/v2\/product"}],"about":[{"href":"https:\/\/cdricpa.fr\/index.php\/wp-json\/wp\/v2\/types\/product"}],"replies":[{"embeddable":true,"href":"https:\/\/cdricpa.fr\/index.php\/wp-json\/wp\/v2\/comments?post=4003"}],"wp:featuredmedia":[{"embeddable":true,"href":"https:\/\/cdricpa.fr\/index.php\/wp-json\/wp\/v2\/media\/4005"}],"wp:attachment":[{"href":"https:\/\/cdricpa.fr\/index.php\/wp-json\/wp\/v2\/media?parent=4003"}],"wp:term":[{"taxonomy":"product_brand","embeddable":true,"href":"https:\/\/cdricpa.fr\/index.php\/wp-json\/wp\/v2\/product_brand?post=4003"},{"taxonomy":"product_cat","embeddable":true,"href":"https:\/\/cdricpa.fr\/index.php\/wp-json\/wp\/v2\/product_cat?post=4003"},{"taxonomy":"product_tag","embeddable":true,"href":"https:\/\/cdricpa.fr\/index.php\/wp-json\/wp\/v2\/product_tag?post=4003"}],"curies":[{"name":"wp","href":"https:\/\/api.w.org\/{rel}","templated":true}]}}

porte-clés porte baume a lèvres personnalisable

<p><strong>porte-clés porte baume a lèvres personnalisable</strong></p>

<p class="isSelectedEnd">💄✨ <strong>NOUVEAUTÉ À PERSONNALISER !</strong> ✨💄</p>
<p>Dimensions : 4cm large et 10cm de haut</p>
<p class="isSelectedEnd">Emportez votre baume à lèvres partout avec vous grâce à ce joli <strong>porte-clés personnalisable</strong> ! 🤩</p>
<p class="isSelectedEnd">Ajoutez le <strong>prénom, le petit mot ou le design de votre choix</strong> pour créer un accessoire unique, pratique et totalement à votre image personnalisation recto/verso. 🎨❤️</p>
<p class="isSelectedEnd">Accroché à vos clés ou à votre sac, votre baume reste toujours à portée de main… fini de le chercher au fond du sac ! 😄</p>
<p>veuillez utiliser le formulaire de contact pour envoyer votre demande de personnalisation</p>
[contact-form][contact-field label="Nom" type="name"  required="true" /][contact-field label="E-mail" type="email" required="true" /][contact-field label="Site web" type="url" /][contact-field label="Message" type="textarea" /][/contact-form]
<p>&nbsp;</p>
